tor of 4508733?
False
Is 19 a factor of 245841?
True
Does 4 divide 16560?
True
Does 32 divide 2961573?
False
Is 128518 a multiple of 16?
False
Is 85 a factor of 1489030?
True
Is 20 a factor of 6370467?
False
Is 106111 a multiple of 29?
True
Is 36 a factor of 63100?
False
Is 17 a factor of 615672?
True
Is 96109 a multiple of 44?
False
Does 125 divide 9000?
True
Is 11 a factor of 10578557?
True
Is 356 a factor of 136348?
True
Does 93 divide 622263?
True
Is 362384 a multiple of 41?
False
Does 8 divide 10345936?
True
Does 197 divide 9898659?
True
Is 72 a factor of 2260728?
True
Is 92 a factor of 3899184?
False
Is 13338972 a multiple of 226?
True
Is 428898 a multiple of 6?
True
Is 2040 a multiple of 10?
True
Does 63 divide 5027148?
True
Is 52 a factor of 1037244?
True
Does 198 divide 33891?
False
Is 107 a factor of 280019?
True
Is 5554188 a multiple of 159?
True
Does 1055 divide 19720135?
False
Is 4 a factor of 1901361?
False
Is 160 a factor of 150228?
False
Is 1664392 a multiple of 8?
True
Is 758197 a multiple of 9?
False
Does 460 divide 2029520?
True
Does 491 divide 1348216?
False
Is 1913724 a multiple of 102?
True
Does 224 divide 114338?
False
Is 213331 a multiple of 12?
False
Is 326 a factor of 223754?
False
Is 2923403 a multiple of 77?
False
Is 45928 a multiple of 4?
True
Does 34 divide 15796740?
True
Is 13259778 a multiple of 15?
False
Is 862 a factor of 6965857?
False
Is 12 a factor of 409492?
False
Does 303 divide 112413?
True
Is 570818 a multiple of 40?
False
Is 2225382 a multiple of 91?
False
Is 296132 a multiple of 101?
True
Does 427 divide 658355?
False
Is 87 a factor of 10962?
True
Does 21 divide 2266580?
False
Is 423 a factor of 4585320?
True
Is 823163 a multiple of 143?
False
Does 614 divide 451904?
True
Is 75231 a multiple of 22?
False
Is 116 a factor of 3199396?
True
Does 16 divide 194288?
True
Is 67 a factor of 3810277?
False
Is 28 a factor of 2011268?
True
Is 62 a factor of 69339?
False
Is 8 a factor of 9253296?
True
Is 116 a factor of 156716?
True
Does 16 divide 1216945?
False
Is 39 a factor of 1928082?
True
Is 299 a factor of 5137948?
False
Is 64 a factor of 65113?
False
Is 61 a factor of 45688?
False
Is 5900942 a multiple of 994?
False
Is 3999435 a multiple of 437?
False
Is 954 a factor of 1766539?
False
Does 148 divide 277352?
True
Is 17 a factor of 1241221?
True
Does 2 divide 37346?
True
Is 276 a factor of 37450?
False
Is 6993270 a multiple of 295?
True
Is 5 a factor of 3445255?
True
Does 28 divide 96936?
True
Is 59931 a multiple of 147?
False
Is 112101 a multiple of 129?
True
Does 8 divide 23422?
False
Is 271 a factor of 1365840?
True
Is 19 a factor of 465783?
False
Does 9 divide 3578036?
False
Is 783 a factor of 6898230?
True
Does 12 divide 213888?
True
Is 98 a factor of 1611904?
True
Is 121 a factor of 44236?
False
Does 8 divide 219326?
False
Is 13 a factor of 83382?
True
Is 38 a factor of 710676?
True
Is 528586 a multiple of 303?
False
Does 90 divide 135360?
True
Does 76 divide 117224?
False
Is 16 a factor of 165420?
False
Does 98 divide 241668?
True
Is 221676 a multiple of 78?
True
Is 10872480 a multiple of 32?
True
Is 29 a factor of 403808?
False
Is 1810510 a multiple of 38?
True
Does 8 divide 6264?
True
Does 45 divide 70605?
True
Is 43 a factor of 987385?
False
Is 73304 a multiple of 88?
True
Does 13 divide 210980?
False
Does 606 divide 5955817?
False
Is 22933372 a multiple of 11?
True
Is 75 a factor of 297441?
False
Is 322 a factor of 37352?
True
Is 1949 a multiple of 24?
False
Is 821536 a multiple of 16?
True
Is 7 a factor of 11017695?
False
Is 541 a factor of 2820774?
True
Is 56490 a multiple of 42?
True
Is 145 a factor of 12907155?
False
Is 993 a factor of 1546800?
False
Is 6 a factor of 2803500?
True
Is 9265902 a multiple of 452?
False
Is 3 a factor of 55666?
False
Does 362 divide 1618354?
False
Is 2277 a multiple of 2?
False
Is 284 a factor of 1359139?
False
Is 7360624 a multiple of 8?
True
Is 87854 a multiple of 13?
True
Is 553712 a multiple of 99?
False
Does 401 divide 1422347?
True
Is 114901 a multiple of 62?
False
Is 421366 a multiple of 214?
True
Is 14 a factor of 3809083?
False
Does 130 divide 86080?
False
Is 31 a factor of 94674?
True
Is 10615206 a multiple of 45?
False
Does 764 divide 601268?
True
Is 3 a factor of 54940?
False
Is 377256 a multiple of 6?
True
Is 6390435 a multiple of 67?
False
Is 4 a factor of 3311913?
False
Does 7 divide 1328586?
True
Does 4 divide 8263921?
False
Is 274 a factor of 323868?
True
Is 12592 a multiple of 4?
True
Is 147 a factor of 951531?
True
Is 32490 a multiple of 90?
True
Is 95375 a multiple of 24?
False
Is 92336 a multiple of 796?
True
Is 101 a factor of 97566?
True
Is 117650 a multiple of 13?
True
Is 154 a factor of 445630?
False
Is 184129 a multiple of 19?
True
Is 53 a factor of 153733?
False
Does 232 divide 111972?
False
Is 78 a factor of 3093714?
True
Is 8517 a multiple of 496?
False
Does 96 divide 187184?
False
Is 14 a factor of 422226?
True
Does 51 divide 1046265?
True
Is 42401 a multiple of 20?
False
Is 141870 a multiple of 15?
True
Is 81 a factor of 165076?
False
Does 18 divide 6312870?
True
Does 284 divide 1967618?
False
Is 292959 a multiple of 715?
False
Is 364382 a multiple of 1792?
False
Is 117082 a multiple of 14?
True
Is 1587674 a multiple of 11?
True
Does 297 divide 2557461?
False
Does 48 divide 52704?
True
Is 10436365 a multiple of 5?
True
Does 682 divide 2365176?
True
Is 10 a factor of 533740?
True
Is 14732416 a multiple of 16?
True
Is 95160 a multiple of 104?
True
Is 1685588 a multiple of 104?
False
Does 134 divide 4709894?
False
Does 90 divide 213660?
True
Is 931438 a multiple of 614?
True
Does 17 divide 43571?
True
Is 41746 a multiple of 21?
False
Is 134640 a multiple of 11?
True
Is 35973 a multiple of 24?
False
Is 229 a factor of 171655?
False
Does 52 divide 162697?
False
Does 14 divide 260129?
False
Is 360 a factor of 3483000?
True
Is 28036 a multiple of 4?
True
Is 3387093 a multiple of 21?
False
Does 322 divide 1755046?
False
Is 11974270 a multiple of 770?
True
Is 3 a factor of 8304?
True
Is 39 a factor of 545988?
False
Does 9 divide 114603?
False
Does 14 divide 6216?
True
Is 10035184 a multiple of 388?
False
Is 188559 a multiple of 63?
True
Does 24 divide 26628648?
True
Is 10 a factor of 23760?
True
Does 12 divide 768708?
True
Is 3465710 a multiple of 6?
False
Is 12 a factor of 19137?
False
Is 15284122 a multiple of 149?
True
Does 36 divide 133539?
False
Does 117 divide 5556915?
True
Is 37290 a multiple of 5?
True
Does 64 divide 5348736?
True
Does 29 divide 863649?
True
Does 251 divide 521315?
False
Does 9 divide 9181?
False
Is 653 a factor of 11721795?
False
Is 1211589 a multiple of 29?
False
Is 17 a factor of 267441?
False
Is 91 a factor of 554631?
False
Is 1858997 a multiple of 204?
False
Is 392 a factor of 424928?
True
Is 165230 a multiple of 130?
True
Is 13 a factor of 146133?
True
Is 644150 a multiple of 130?
True
Does 642 divide 366582?
True
Does 124 divide 63202?
False
Does 664 divide 971708?
False
Is 529 a factor of 269261?
True
Is 614 a factor of 380066?
True
Is 256067 a multiple of 168?
False
Does 43 divide 13515293?
False
Is 27716 a multiple of 52?
True
Does 87 divide 3879519?
False
Is 302 a factor of 1015756?
False
Is 269680 a multiple of 20?
True
Is 856921 a multiple of 8?
False
Does 30 divide 11016?
False
Is 72300 a multiple of 300?
True
Is 277 a factor of 822317?
False
Is 33 a factor of 3253668?
True
Does 19 divide 104760?
False
Does 1944 divide 6975072?
True
Is 375 a factor of 1932750?
True
Does 979 divide 712712?
True
Is 32 a factor of 1005578?
False
Is 51 a factor of 441099?
True
Is 92176 a multiple of 8?
True
Is 4 a factor of 2693874?
False
Does 12 divide 4020373?
False
Is 10 a factor of 509730?
True
Is 78271 a multiple of 118?
False
Does 81 divide 136566?
True
Is 864059 a multiple of 422?
False
Does 39 divide 509535?
True
Is 3885 a multiple of 105?
True
Is 77008 a multiple of 22?
False
Is 70 a factor of 61070?
False
Is 75 a factor of 238810?
False
Is 183 a factor of 19674513?
True
Does 67 divide 7631434?
True
Is 38618 a multiple of 41?
False
Does 242 divide 16390?
False
Is 11453788 a multiple of 75?
False
Does 26 divide 144605?
False
Is 69 a factor of 1278432?
True
Is 29 a factor of 429830?
False
Is 11 a factor of 154804?